er when g is divided by q.
27
Let z(y) = y**3 + 9*y**2 + 3*y. Let d be 1 + (0 - 5) + (70 - -1). Suppose -h + 6*h + d = 4*s, 4*s - 4*h = 64. What is the remainder when z(-7) is divided by s?
12
Suppose -5*g = -b + 4799, -5*g - 39*b = -35*b + 4804. Calculate the remainder when 21/(-6)*(4 + g/28) is divided by 27.
25
Suppose -756 = -4*i + 4*h, -9*i + 3*h = -7*i - 371. Calculate the remainder when 449 is divided by i.
57
Let n(i) = 28*i + 7. Suppose -11202 = 917*h - 38712. What is the remainder when n(5) is divided by h?
27
Let v = 1 + 2. Suppose v*l = -l + 172. Suppose -17*p - 29 = -182. Calculate the remainder when l is divided by p.
7
Let a = -728 - -788. What is the remainder when 1017 is divided by a?
57
Let c(b) be the third derivative of -5*b**4/24 + 12*b**3 - 26*b**2. Let j be c(22). Let y = j + 77. Calculate the remainder when 116 is divided by y.
38
Let n = -9 + 13. Suppose -4*d - 24 = -16. What is the remainder when 117/(-6)*9/(27/d) is divided by n?
1
Suppose 28 = 3*c - 128. Let s(r) = -197*r + 2. Let b be s(-1). Let x = b - 181. What is the remainder when c is divided by x?
16
Suppose 4*v + 5*v - 711 = 0. Let t = v - 32. Let o = t - 26. Calculate the remainder when 61 is divided by o.
19
Let o(w) = 2*w**2 - 54*w + 50. What is the remainder when o(29) is divided by 12?
10
Suppose -3*w - 23 = 4*l, -2*w = -3*l + 8 + 13. Let x = -4 - -6. What is the remainder when (9/w)/(x/(-62)) is divided by 11?
9
Suppose -451 + 432 = 45*k - 1639. Calculate the remainder when 250 is divided by k.
34
Let q(w) = 101*w - 42. Let a be -1 + 4 + 1 + 0/5. What is the remainder when q(a) is divided by 28?
26
Let k = -10 - -7. Let y(o) = -22*o - 37. Calculate the remainder when 55 is divided by y(k).
26
Suppose -a + 2*a = -4*c + 73, c - 31 = 4*a. Let z(i) = 2*i**3 - 7*i**2 - 15*i + 3. Let d be z(8). Let l = d - 346. What is the remainder when l is divided by c?
18
Suppose -6*f = -0*f - 12. Let z be ((-6)/f)/((-1)/55). Suppose 79 = 4*s - z. What is the remainder when s is divided by 31?
30
Let z(k) = k**2 + 23*k + 32. Suppose -6*d + 22 = -7*d. What is the remainder when 75 is divided by z(d)?
5
Let n(m) = 3*m**2 - 158*m + 113. What is the remainder when 10 is divided by n(52)?
1
What is the remainder when (4 - 44/(-6))/(46/207) is divided by (-220)/(-14) + (-12)/(-42)?
3
Let t be 3 + -86 + 2/1. Let r be 6/(-4 + 1) - (t - 3). Let m = r - 67. Calculate the remainder when 58 is divided by m.
13
Suppose -11*m = -96*m - 10*m + 30875. Let j = 5 - -5. What is the remainder when m is divided by j?
5
Let b = -648 + 669. Calculate the remainder when 709 is divided by b.
16
Let x(v) = v**3 - 101*v**2 - 101*v - 82. Calculate the remainder when 5056 is divided by x(102).
16
Let b be 24/14 - (-38)/133. Let l(z) = b*z**2 - 4*z**2 - 3*z + 2*z + 3*z**2. What is the remainder when 17 is divided by l(3)?
5
Let g be (48/21)/(14/98). What is the remainder when 157 is divided by 844/g - ((-2)/(-8))/(-1)?
51
Suppose -6*x + 4*x + 5*z + 7 = 0, 0 = 2*z - 2. Let q be x/4*(-8)/3. What is the remainder when 40/(-50)*410/q is divided by 17?
14
Let a(z) = z**3 + 12*z**2 - z + 43. Let h(m) = -6*m + 129. Let g be h(23). What is the remainder when a(g) is divided by 27?
25
Let h be 17/(68/(-24)) + (264 - 0). Let j = h - 157. Calculate the remainder when j is divided by 100.
1
Suppose -2*r - 9632 = 51*h - 54*h, -2*r = 4*h - 12866. Calculate the remainder when h is divided by 24.
22
Calculate the remainder when (-126)/147 + 5148/126 is divided by (-44)/(-6) + 1/(-3).
5
Suppose -30587 = -99*g + 13339 + 2109. Calculate the remainder when g is divided by 61.
38
Let d(b) = 4*b + 1. Suppose -4*x + 36 = 100. Let w(u) = -24*u - 323. What is the remainder when w(x) is divided by d(4)?
10
Let p be (-6)/(-3) + -3 - -8. Let x be -22 - 4/(p - 3). Calculate the remainder when -5 - -1 - 1794/x is divided by 19.
17
Suppose -4*u = -4*s, 3*s = 4*u - 0*s - 4. Suppose -3*x + 137 = u*n, 0*x = -5*x - 25. Suppose 0*w = w - 75. What is the remainder when w is divided by n?
37
Let w be (-3251)/(-6) - (-8)/48. Let c = 324 - w. What is the remainder when ((-10)/15)/(4/3)*c is divided by 37?
35
Calculate the remainder when ((-24)/(-15) + -2)*15*2660/(-15) is divided by 97.
94
Let a(l) = 2*l - 17. Let x(p) = 5*p + 23. Let j(c) = -5*c - 24. Let z(t) = 4*j(t) + 3*x(t). Calculate the remainder when z(-14) is divided by a(16).
13
Suppose 153*p - 2977 = 7*p + 235. Calculate the remainder when p is divided by 4/(-6)*(-8 + 2).
2
Suppose -54 = 7*i - 4*i. Calculate the remainder when (-894)/(-9)*i/(-12)*1 is divided by 25.
24
Let c(z) = -12*z + 5. Let a be -1*(4 - (-3 + 2)). What is the remainder when 2 + (312/(-96) - (-4)/16)*-107 is divided by c(a)?
63
What is the remainder when 191 is divided by 8/28 + (-32)/(-7) + (-24)/(-168)?
1
Let j be (-170)/(-6) - 6/18. Suppose 2*q - 5 = 2*r + 1, 4*q - j = -4*r. Calculate the remainder when ((-225)/450)/(((-3)/46)/3) - 0 is divided by q.
3
What is the remainder when 2*-9*(1 - ((8 - 11) + 18)) is divided by 169?
83
Let p = 1182 + -1170. Let q(y) = 44*y + 9. Calculate the remainder when q(7) is divided by p.
5
Let p(z) = 67*z - 2528. Calculate the remainder when 4103 is divided by p(38).
17
Let q = 92 + -90. Suppose -14 = 3*t - 5, q*f - 45 = 3*t. What is the remainder when f is divided by 5?
3
Let l = -377 - -530. What is the remainder when 3363 is divided by l?
150
Let h(f) = 6*f**3 - 5*f - 3*f**3 - 9 - 2*f**3 + 14. What is the remainder when h(3) is divided by 3?
2
Let d(c) = -71*c - 234. Suppose 4*f - 65 = 59. What is the remainder when d(-5) is divided by f?
28
Suppose -4*a + 0*t + 76 = -4*t, 0 = 3*a - 4*t - 53. Let k(x) = 2 - 85*x**2 + 86*x**2 - 2*x + 0. Calculate the remainder when a is divided by k(3).
3
Suppose -5*b + f + 38 = 0, 3*f - 2 - 3 = -2*b. Let z = -394 + 397. Suppose o - z*u - 19 = 0, 4*o + u = -2*u + 31. What is the remainder when o is divided by b?
3
Suppose -3*m + l + 19 = 0, -11*m = -7*m - 4*l - 20. Calculate the remainder when 1509 is divided by m.
4
Suppose -60 = -12*o + 6*o. Let q = 0 + o. Calculate the remainder when 51 is divided by 4/q + 172/20.
6
Let m(b) = -2*b**3 + 2*b**2 + 4*b + 9. Let w be m(-5). Suppose -6*y + 23*y - w = 0. Calculate the remainder when 59 is divided by y.
8
Let p(o) = o**2 - 78*o + 461. What is the remainder when p(72) is divided by 6?
5
Let r(c) = 12*c**2 + 62*c + 221. What is the remainder when r(-4) is divided by 50?
15
What is the remainder when -4*(-39)/(-26) + 5859 is divided by 29?
24
Suppose 15*n - 7*n - 93 = 75. Let r = 35 - -46. What is the remainder when r is divided by n?
18
Let a be 24/(-156) + (-4)/(-26). Suppose a*j = 3*j - 111. Calculate the remainder when j is divided by 21.
16
Calculate the remainder when 1654 is divided by (-4)/10 - 22504/(-485).
44
Let i = -75 - -84. Let k(a) = a**2 + 10*a - 7. Let y be k(-8). Let h = y - -24. Calculate the remainder when i is divided by h.
0
Let a(k) = -379*k**3 + k**2 - 20*k - 22. What is the remainder when 776 is divided by a(-1)?
20
What is the remainder when 2036 is divided by -3 + -1*108/(-4)?
20
Let l = -11907 - -11926. Suppose -4*f + 0*f + 300 = 0. What is the remainder when f is divided by l?
18
Let b(q) = -q**3 + 5*q**2 + 7*q**2 - 12*q - 2*q + 10*q**2 - 41. Calculate the remainder when b(21) is divided by 22.
18
Suppose -154*g - 21 = -151*g, 0 = 5*u - 5*g + g - 88. Suppose 3*b - 1576 = -b. Calculate the remainder when b is divided by u.
10
Let a(u) = -u + 10. Let r be a(0). Suppose r*h - 58 - 42 = 0. Calculate the remainder when 30 is divided by h.
0
Let c be 1 - -403 - (-4)/(-2). Suppose -l - 305 = 5*x, c = -l + 3*x + 97. Let y = -184 - l. What is the remainder when y is divided by 31?
28
Calculate the remainder when 8/(-3) - (-154192)/276 is divided by 38.
24
Suppose -105*y + 56 = -101*y. What is the remainder when 2041 is divided by y?
11
Let z(m) = -13*m + 120. Let c be z(6). Suppose -6*b - 3*w + c = -3*b, 4*w = b - 4. What is the remainder when 82 is divided by b?
10
Let r(b) = b**3 - 4*b**2 + 2*b. Let y be r(3). Let d(l) = -92 + 2*l - 16*l**2 + 3*l + 97 + 15*l**2 - 4*l**3. What is the remainder when d(y) is divided by 18?
17
Suppose -400*h = -397*h - 12. Suppose 0 = 5*y - y + 20, 5*y = h*t - 477. Calculate the remainder when t is divided by 38.
37
Let v(x) = -x**3 - 23*x